f 97?
True
Does 154 divide 3114188?
True
Is 90 a factor of 441720?
True
Does 22 divide 196834?
True
Is 113 a factor of 863661?
False
Does 70 divide 2286270?
True
Is 1261980 a multiple of 422?
False
Is 8935585 a multiple of 61?
True
Does 12 divide 14046060?
True
Does 10 divide 26131?
False
Is 4065423 a multiple of 247?
False
Does 521 divide 4797889?
True
Does 112 divide 14810796?
False
Does 23 divide 47495?
True
Is 4848930 a multiple of 90?
True
Does 10 divide 6718924?
False
Is 6 a factor of 430192?
False
Is 142 a factor of 298626?
True
Does 82 divide 2425716?
False
Is 11 a factor of 2154119?
True
Is 3736960 a multiple of 640?
True
Is 290 a factor of 1359913?
False
Does 2 divide 43662?
True
Is 167295 a multiple of 57?
True
Is 47428 a multiple of 59?
False
Is 23 a factor of 1652788?
False
Is 284242 a multiple of 677?
False
Is 201562 a multiple of 221?
False
Does 5 divide 290763?
False
Is 403604 a multiple of 21?
False
Does 93 divide 399156?
True
Is 302279 a multiple of 88?
False
Is 4177008 a multiple of 297?
True
Does 54 divide 1598306?
False
Is 413 a factor of 5064206?
True
Is 50 a factor of 15850?
True
Is 175525 a multiple of 85?
True
Is 13 a factor of 146231?
False
Is 154 a factor of 3641617?
False
Is 99 a factor of 35722566?
True
Does 1533 divide 17927367?
False
Is 33 a factor of 40049?
False
Is 256290 a multiple of 38?
False
Does 308 divide 7209664?
True
Does 14 divide 9651372?
False
Does 1180 divide 2453220?
True
Is 19136 a multiple of 4?
True
Does 87 divide 471105?
True
Does 189 divide 2560005?
True
Is 56 a factor of 1619996?
False
Does 167 divide 86421?
False
Is 356025 a multiple of 189?
False
Is 10815636 a multiple of 94?
False
Is 730490 a multiple of 10?
True
Does 204 divide 278052?
True
Is 16207 a multiple of 19?
True
Is 17920749 a multiple of 23?
True
Does 14 divide 251468?
True
Does 5 divide 1400819?
False
Does 34 divide 8908?
True
Is 13174 a multiple of 7?
True
Is 848589 a multiple of 13?
False
Does 12 divide 60927?
False
Does 50 divide 68159?
False
Does 8 divide 356760?
True
Does 17 divide 130022?
False
Is 16 a factor of 222866?
False
Does 10 divide 207012?
False
Is 23128 a multiple of 413?
True
Is 86 a factor of 23392?
True
Is 72 a factor of 12937?
False
Is 2954640 a multiple of 520?
True
Is 404768 a multiple of 208?
True
Is 955 a factor of 1040950?
True
Is 4115127 a multiple of 471?
True
Does 278 divide 340312?
False
Does 20 divide 27804?
False
Is 167 a factor of 4288727?
True
Is 4829473 a multiple of 167?
True
Does 258 divide 211564?
False
Is 387744 a multiple of 84?
True
Is 8166433 a multiple of 11?
True
Is 66 a factor of 1721417?
False
Is 35 a factor of 160701?
False
Is 1328 a factor of 3300080?
True
Does 177 divide 11932547?
False
Does 88 divide 38772624?
True
Is 368 a factor of 1385200?
False
Does 65 divide 19110?
True
Is 11 a factor of 229769?
False
Does 221 divide 284417?
False
Is 4304232 a multiple of 54?
True
Does 21 divide 48344?
False
Is 93 a factor of 142104?
True
Does 8 divide 231616?
True
Does 1029 divide 2226756?
True
Is 313404 a multiple of 84?
True
Is 75 a factor of 185850?
True
Is 1847751 a multiple of 36?
False
Does 13 divide 4573153?
True
Is 252450 a multiple of 55?
True
Does 558 divide 914887?
False
Does 24 divide 977676?
False
Is 7 a factor of 154154?
True
Does 10 divide 277410?
True
Is 1178253 a multiple of 459?
True
Does 560 divide 1205564?
False
Is 5371204 a multiple of 24?
False
Does 6 divide 39836?
False
Does 29 divide 86646?
False
Does 14 divide 38278?
False
Is 822863 a multiple of 179?
True
Does 243 divide 2499255?
True
Is 37457 a multiple of 2?
False
Does 6 divide 152775?
False
Is 421 a factor of 19260?
False
Is 12 a factor of 164484?
True
Is 163744 a multiple of 731?
True
Is 1204 a factor of 20465592?
True
Does 16 divide 68865?
False
Is 345735 a multiple of 117?
True
Does 4 divide 63857?
False
Is 26302269 a multiple of 49?
True
Is 6 a factor of 1047576?
True
Does 6 divide 611220?
True
Is 475 a factor of 3086550?
True
Is 20909 a multiple of 11?
False
Is 1835400 a multiple of 75?
True
Is 24 a factor of 5006856?
True
Does 911 divide 2529849?
False
Is 445030 a multiple of 2?
True
Is 5 a factor of 67850?
True
Does 5 divide 140790?
True
Does 3 divide 23777?
False
Is 993859 a multiple of 797?
True
Does 10 divide 558870?
True
Is 73 a factor of 906633?
False
Is 50 a factor of 191658?
False
Does 11 divide 1285037?
False
Does 9 divide 110025?
True
Does 5 divide 33400?
True
Does 254 divide 210312?
True
Is 373 a factor of 147933?
False
Does 21 divide 1122319?
False
Is 373852 a multiple of 63?
False
Is 3 a factor of 59712?
True
Is 18 a factor of 3945276?
True
Is 239 a factor of 495755?
False
Is 10657138 a multiple of 47?
False
Is 281666 a multiple of 147?
False
Does 63 divide 811125?
True
Does 258 divide 122034?
True
Does 74 divide 2161170?
True
Is 131 a factor of 4124164?
False
Does 4 divide 750028?
True
Is 3084723 a multiple of 909?
False
Does 15 divide 687655?
False
Does 9 divide 157231?
False
Is 2927424 a multiple of 79?
True
Is 21 a factor of 580827?
False
Does 11 divide 3461160?
False
Is 98 a factor of 6761020?
True
Is 509452 a multiple of 55?
False
Does 26 divide 479570?
True
Is 19 a factor of 26942?
True
Is 11594970 a multiple of 14?
False
Does 93 divide 1497951?
True
Is 1590395 a multiple of 3?
False
Is 453 a factor of 487881?
True
Does 1642 divide 5359434?
False
Is 287519 a multiple of 49?
False
Is 45015 a multiple of 59?
False
Is 4793122 a multiple of 18?
False
Is 109 a factor of 5020867?
True
Does 373 divide 2555863?
False
Does 13 divide 782522?
True
Is 4352470 a multiple of 29?
False
Is 6351784 a multiple of 60?
False
Is 2075128 a multiple of 88?
True
Is 634925 a multiple of 25?
True
Is 100504 a multiple of 8?
True
Does 34 divide 28747?
False
Is 218 a factor of 194238?
True
Is 9715043 a multiple of 1310?
False
Does 125 divide 113250?
True
Is 1051888 a multiple of 98?
False
Does 76 divide 46588?
True
Is 96 a factor of 312192?
True
Is 275222 a multiple of 5?
False
Does 111 divide 289557?
False
Is 8484 even?
True
Is 103 a factor of 596988?
True
Does 9 divide 160173?
True
Is 877095 a multiple of 45?
True
Does 1445 divide 2521525?
True
Is 172 a factor of 1565200?
True
Does 39 divide 55428?
False
Is 535249 a multiple of 19?
True
Is 283074 a multiple of 22?
True
Is 1485306 a multiple of 817?
True
Is 52969 a multiple of 7?
True
Is 10136 a multiple of 7?
True
Is 8069445 a multiple of 60?
False
Is 10974902 a multiple of 1251?
False
Does 16 divide 119639?
False
Is 98 a factor of 974822?
False
Does 5 divide 1032168?
False
Is 146 a factor of 538156?
True
Is 16 a factor of 650376?
False
Is 6 a factor of 29614?
False
Is 3363 a multiple of 57?
True
Is 4 a factor of 6355117?
False
Is 53 a factor of 3164356?
False
Does 15 divide 1215600?
True
Is 51 a factor of 3498447?
True
Does 232 divide 1901527?
False
Does 85 divide 583865?
True
Is 2809335 a multiple of 255?
True
Is 18 a factor of 2563596?
True
Is 1063656 a multiple of 264?
True
Is 1131820 a multiple of 20?
True
Is 7 a factor of 46627?
True
Is 17 a factor of 23444802?
True
Is 2731024 a multiple of 1315?
False
Is 53235 a multiple of 195?
True
Is 4212250 a multiple of 19?
False
Does 7 divide 24934?
True
Does 106 divide 1133246?
True
Is 363 a factor of 11117964?
True
Is 70 a factor of 30532040?
True
Is 63 a factor of 1896488?
False
Is 15 a factor of 158786?
False
Is 54 a factor of 9968012?
False
Is 900672 a multiple of 58?
False
Does 178 divide 1295278?
False
Does 104 divide 41184?
True
Is 3 a factor of 2383321?
False
Is 40 a factor of 108278?
False
Is 158 a factor of 16116?
True
Does 85 divide 647275?
True
Is 93 a factor of 1414065?
True
Is 78 a factor of 26640?
False
Is 2446810 a multiple of 597?
False
Is 169828 a multiple of 404?
False
Is 2173613 a multiple of 13?
True
Is 915 a factor of 3196095?
True
Does 19 divide 6094557?
False
Is 2912576 a multiple of 17?
True
Does 1675 divide 22753200?
True
Is 25 a factor of 346053?
False
Is 23 a factor of 4938981?
False
Is 2 a factor of 39825?
False
Does 13 divide 11409?
False
Does 413 divide 7940627?
False
Is 13 a factor of 5110126?
False
Does 26 divide 82775?
False
Is 19214795 a multiple of 12?
False
Is 2518155 a multiple of 277?
False
Does 138 divide 79488?
True
Is 79 a factor of 3200402?
False
Is 8692820 a multiple 